 divided by 6229.
93
What is the remainder when 1598 is divided by 542?
514
What is the remainder when 10583 is divided by 10568?
15
Calculate the remainder when 160102 is divided by 52.
46
Calculate the remainder when 2507 is divided by 359.
353
What is the remainder when 1062159 is divided by 80?
79
Calculate the remainder when 2453 is divided by 97.
28
What is the remainder when 3745 is divided by 719?
150
What is the remainder when 67008 is divided by 66954?
54
Calculate the remainder when 287396 is divided by 97.
82
What is the remainder when 995569 is divided by 83?
67
What is the remainder when 4119 is divided by 520?
479
Calculate the remainder when 8392 is divided by 39.
7
What is the remainder when 123399 is divided by 119?
115
What is the remainder when 93212 is divided by 9?
8
What is the remainder when 3124618 is divided by 1861?
1860
What is the remainder when 499104 is divided by 1194?
12
What is the remainder when 67723 is divided by 204?
199
Calculate the remainder when 143146 is divided by 4934.
60
Calculate the remainder when 404926 is divided by 219.
214
What is the remainder when 79622 is divided by 35?
32
What is the remainder when 492961 is divided by 358?
353
Calculate the remainder when 111632 is divided by 84.
80
Calculate the remainder when 582481 is divided by 40.
1
What is the remainder when 23365 is divided by 8?
5
What is the remainder when 14476 is divided by 161?
147
Calculate the remainder when 9051 is divided by 758.
713
Calculate the remainder when 490 is divided by 38.
34
Calculate the remainder when 2466 is divided by 147.
114
Calculate the remainder when 361083 is divided by 66.
63
Calculate the remainder when 5608 is divided by 226.
184
What is the remainder when 882 is divided by 15?
12
What is the remainder when 1228733 is divided by 81915?
8
What is the remainder when 1895 is divided by 807?
281
Calculate the remainder when 165827 is divided by 82909.
9
What is the remainder when 33865 is divided by 11?
7
What is the remainder when 7641 is divided by 212?
9
Calculate the remainder when 5908 is divided by 787.
399
What is the remainder when 2911 is divided by 958?
37
Calculate the remainder when 13967 is divided by 2793.
2
Calculate the remainder when 416982 is divided by 82.
12
Calculate the remainder when 363549 is divided by 661.
660
Calculate the remainder when 5957 is divided by 67.
61
What is the remainder when 120266 is divided by 620?
606
Calculate the remainder when 78695 is divided by 39341.
13
Calculate the remainder when 2761 is divided by 285.
196
Calculate the remainder when 10240 is divided by 204.
40
What is the remainder when 50 is divided by 15?
5
Calculate the remainder when 3353 is divided by 41.
32
What is the remainder when 1344 is divided by 95?
14
Calculate the remainder when 280135 is divided by 2570.
5
Calculate the remainder when 45693 is divided by 8.
5
Calculate the remainder when 11554 is divided by 3846.
16
Calculate the remainder when 16257 is divided by 220.
197
Calculate the remainder when 5555 is divided by 411.
212
What is the remainder when 2076 is divided by 428?
364
Calculate the remainder when 252223 is divided by 8.
7
What is the remainder when 70497 is divided by 10?
7
What is the remainder when 417660 is divided by 59665?
5
What is the remainder when 38426 is divided by 519?
20
Calculate the remainder when 3160 is divided by 122.
110
What is the remainder when 120104 is divided by 108?
8
Calculate the remainder when 12427 is divided by 26.
25
Calculate the remainder when 1796584 is divided by 22.
20
What is the remainder when 54534 is divided by 25?
9
Calculate the remainder when 735 is divided by 196.
147
Calculate the remainder when 42204 is divided by 3834.
30
Calculate the remainder when 4221 is divided by 701.
15
Calculate the remainder when 632414 is divided by 269.
264
Calculate the remainder when 195609 is divided by 184.
17
Calculate the remainder when 5053 is divided by 1054.
837
What is the remainder when 1494 is divided by 553?
388
What is the remainder when 23210 is divided by 14?
12
Calculate the remainder when 201710 is divided by 410.
400
Calculate the remainder when 2541 is divided by 275.
66
What is the remainder when 463023 is divided by 50?
23
What is the remainder when 2806 is divided by 41?
18
Calculate the remainder when 61723 is divided by 10287.
1
What is the remainder when 168112 is divided by 479?
462
What is the remainder when 15257 is divided by 246?
5
Calculate the remainder when 13446 is divided by 2507.
911
What is the remainder when 1787 is divided by 78?
71
What is the remainder when 3084 is divided by 272?
92
What is the remainder when 3344 is divided by 665?
19
Calculate the remainder when 19094 is divided by 41.
29
Calculate the remainder when 262306 is divided by 131114.
78
What is the remainder when 157889 is divided by 39472?
1
What is the remainder when 31316 is divided by 12?
8
Calculate the remainder when 50197 is divided by 326.
319
What is the remainder when 12526 is divided by 40?
6
What is the remainder when 302787 is divided by 1979?
0
What is the remainder when 8371 is divided by 26?
25
Calculate the remainder when 12102 is divided by 1347.
1326
What is the remainder when 1764 is divided by 202?
148
Calculate the remainder when 38475 is divided by 90.
45
Calculate the remainder when 2338 is divided by 90.
88
Calculate the remainder when 15772 is divided by 145.
112
Calculate the remainder when 142808 is divided by 120.
8
What is the remainder when 926 is divided by 23?
6
What is the remainder when 68195 is divided by 598?
23
What is the remainder when 2326 is divided by 227?
56
What is the remainder when 1492 is divided by 78?
10
What is the remainder when 5238 is divided by 652?
22
What is the remainder when 270 is divided by 128?
14
What is the remainder when 564828 is divided by 138?
132
Calculate the remainder when 63621 is divided by 241.
238
What is the remainder when 5883 is divided by 1151?
128
What is the remainder when 81678 is divided by 1104?
1086
Calculate the remainder when 22168 is divided by 11077.
14
Calculate the remainder when 841840 is divided by 841.
840
Calculate the remainder when 7486 is divided by 8.
6
Calculate the remainder when 3981 is divided by 1322.
15
Calculate the remainder when 2192 is divided by 459.
356
Calculate the remainder when 104887 is divided by 2279.
53
What is the remainder when 224 is divided by 200?
24
What is the remainder when 9518 is divided by 16?
14
What is the remainder when 2344547 is divided by 24?
11
Calculate the remainder when 45295 is divided by 264.
151
What is the remainder when 286 is divided by 272?
14
What is the remainder when 198719 is divided by 33118?
11
Calculate the remainder when 17120 is divided by 5686.
62
Calculate the remainder when 107347 is divided by 35772.
31
What is the remainder when 16508 is divided by 5468?
104
What is the remainder when 6041 is divided by 28?
21
Calculate the remainder when 24687 is divided by 47.
12
Calculate the remainder when 962 is divided by 73.
13
Calculate the remainder when 166344 is divided by 736.
8
Calculate the remainder when 3194 is divided by 46.
20
What is the remainder when 588943 is divided by 818?
801
Calculate the remainder when 203534 is divided by 50870.
54
What is the remainder when 177689 is divided by 10?
9
What is the remainder when 989448 is divided by 164906?
12
Calculate the remainder when 1167 is divided by 71.
31
Calculate the remainder when 53874 is divided by 187.
18
Calculate the remainder when 89877 is divided by 13.
8
What is the remainder when 9813 is divided by 28?
13
Calculate the remainder when 586 is divided by 568.
18
Calculate the remainder when 6687 is divided by 3222.
243
What is the remainder when 3069 is divided by 252?
45
Calculate the remainder when 11630 is divided by 5799.
32
Calculate the remainder when 4521 is divided by 543.
177
Calculate the remainder when 9407 is divided by 1874.
37
What is the remainder when 131118 is divided by 69?
18
What is the remainder when 704658 is divided by 110?
108
What is the remainder when 3747 is divided by 1219?
90
Calculate the remainder when 717856 is divided by 57.
55
Calculate the remainder when 96027 is divided by 22.